t k(c) = 30*c**2 + 2*c. Let g be 0 + 0 + 1*2. Let j be k(g). Suppose 4*b - j = -0. Is b a composite number?
False
Let w(h) = h**3 - 19*h**2 + h + 10. Let b be w(16). Let n = 1115 + b. Is n a composite number?
False
Suppose 8*d + 225 - 17513 = 0. Is d composite?
False
Suppose -3*p = -5*z + 8294, -2*z + 7*p - 3*p = -3326. Is z a prime number?
True
Suppose -d + 2*d - 5204 = -3*k, 0 = -3*k + 3*d + 5208. Is k composite?
True
Suppose 270*y + 24484 = 274*y. Is y a prime number?
True
Let d(v) = 2*v**2 - v + 1 - 9*v**2 + 0*v - 7*v**2. Let p be d(6). Let a = -102 - p. Is a a composite number?
True
Suppose 8*j - 25862 = 2050. Is j a prime number?
False
Suppose -2*b - 1200 = -14*b. Suppose -4*x + b = t - 196, -74 = -x - 4*t. Is x a prime number?
False
Let b(k) = -10*k**3 + k**2 + 2*k - 6. Let f be b(5). Let o be 2/(-15) - f/45. Is (-4)/18 - (-6405)/o composite?
True
Is ((-48)/6 - -39543)/1 a composite number?
True
Suppose 0 = -12*o - 16 + 88. Let f(d) = 6*d**2 - 7*d + 17. Is f(o) composite?
False
Let d = 8622 + 689. Is d prime?
True
Let s = -16596 - -24277. Is s composite?
False
Let o(h) = 100*h**2 - 5*h + 1. Is o(-4) a prime number?
True
Suppose -30*l - 20*l + 544650 = 0. Is l a prime number?
False
Suppose -10*m - 3*v - 40554 = -12*m, 4*m + 2*v = 81140. Is m a prime number?
False
Let g be (4/13)/(-2) + (-18657)/(-13). Suppose g = 2*z - 319. Is z a prime number?
True
Let l(t) = -t**3 - 6*t**2 - 3*t - 15. Let k be l(-6). Suppose 5*j + 5*v = 15, j + k*j + 5*v - 15 = 0. Is (2 - j)*(-84)/(-8) a prime number?
False
Let z(q) = -4*q**3 - 2*q**2 + 4*q - 2. Let y be z(2). Is y/(-51) - (-1531)/3 composite?
True
Let i(k) = -k**2 + 11*k - 10. Let s be i(10). Suppose 2*w + c + 2*c = 694, -5*w + 2*c + 1697 = s. Is w prime?
False
Is (-188804)/(-112)*12/3 prime?
False
Let w(x) = -5560*x - 3. Is w(-1) composite?
False
Let u be (4 - 0) + -2 + 505. Let r = -95 + 391. Let z = u - r. Is z a prime number?
True
Let l = 7 - -2. Suppose 5*y - 3*d + 0*d = 1264, -3*d = l. Is y prime?
True
Suppose -299*k + 21748 = -295*k. Is k a composite number?
False
Let y = -73 + 70. Suppose -3*o = -3*i - 3, 5*i + 6 = -o + 5*o. Is (-58)/o + (-3)/y a composite number?
False
Let b = 1 + 9. Suppose -8*y = -b*y + 12. Suppose y*v - v + 76 = 2*w, -23 = -w - 5*v. Is w prime?
False
Let x(c) = -c - 5. Let g be x(-7). Suppose 415 = 4*b + 5*p - 3984, -5*b + g*p = -5507. Is b a prime number?
False
Suppose 2*r = 3*q + 14869, -2*r = 2*q - 20929 + 6065. Is r composite?
False
Let r = 3296 - 1633. Is r prime?
True
Let d = 252 - -2689. Is d prime?
False
Suppose 1592 = s + s - 5*n, s = 5*n + 801. Is s a prime number?
False
Suppose -2*s + n = -15, 48 = 4*s + 4*n - 0*n. Let w = -18 + s. Let q(y) = -12*y + 11. Is q(w) a composite number?
True
Let z(g) = 3*g - 13. Let s be z(14). Let f = 37 - s. Is (7 - f)*-353*1 composite?
False
Suppose 5*m - 1249 = -3*l, 4*l = -2*m + 547 - 39. Suppose 3*i - o = 248, -2*o + 169 = 5*i - m. Is i a prime number?
True
Let k(u) = 10*u**2 + 1 - 4 + 4. Let m be 55/(-10) + (-3)/(-2). Is k(m) prime?
False
Suppose 2*x + 5*v - 530 = -2*x, 384 = 3*x - 3*v. Suppose 5*a = 3*k - 177, -191 = 4*a - k - 55. Let z = x + a. Is z prime?
True
Suppose 0 = 734*i - 732*i - 56654. Is i a composite number?
True
Let f(p) = -p + 6*p**2 + 0 + 0*p**2 - 6*p + 6. Let m be f(4). Suppose -m = 11*l - 13*l. Is l a composite number?
False
Let r = 94 - 73. Let a(h) = h**2 + 2*h + 8. Is a(r) composite?
False
Let w(c) = 5*c - 15. Let a be w(5). Suppose 0 = -3*i - 2*f - 2, i - 2*f + a = -5*f. Suppose 0 = -4*q - 3*k + 231, 4 = i*k + 2*k. Is q composite?
True
Let i = 3405 - 2003. Is i a composite number?
True
Suppose -3*h - 708 = -9*h. Is h prime?
False
Let t(x) = -x**2 - 7*x + 2. Let v be t(-4). Suppose -3*j + 1 = -v. Suppose -i = -3*y - 15 - 34, j*i - 271 = 2*y. Is i prime?
False
Let r be (9/(-2))/(-9) + 32358/4. Suppose 0*b = 3*b - 2*d - 4854, r = 5*b - 3*d. Is b composite?
True
Let q(p) = 2*p**2 - 52*p - 47. Is q(-20) prime?
False
Let r be 9/(-6) - (-17)/2. Let l(u) = u**3 + 0*u**2 + 3 + r*u**2 - 4. Is l(-5) a composite number?
True
Let a be (-84)/126 - (0 + (-13151)/3). Suppose 0 = -4*b - 2*o + 4214, o - 1215 = 3*b - a. Is b a prime number?
False
Suppose -11280 = -4*i + 2684. Is i prime?
True
Let y be 4*(15/(-12) + 2). Suppose y*d = 8*d + 1960. Is d/(-3) - 3/(-9) a composite number?
False
Is ((-840)/112)/((-3)/8566) composite?
True
Let z(h) = 2*h + 4. Let k be z(-2). Let u be k - 0 - (-4 - 0). Is (-2 - -45)/(u/4) a composite number?
False
Let g = -660 - -1345. Is g a composite number?
True
Let d(s) = -s**3 + 34*s**2 + 11*s - 43. Is d(16) a composite number?
True
Let s(l) = -5*l**3 - 20*l**2 - 51*l + 9. Is s(-17) composite?
False
Let w(g) = -2256*g + 15. Is w(-1) composite?
True
Suppose 10*s = -20*s + 384270. Is s a composite number?
False
Let a be 10/40 - (1 + (-302)/8). Suppose 0*l = -l + a. Is l prime?
True
Let h(m) = -10*m**2 + 2*m - 1. Suppose -2*r = -2*g, -g + 3 = 2*r - 0. Let k be h(g). Is 3 + 3/(k/(-150)) prime?
True
Is ((-120)/90)/((-4)/14889) composite?
True
Is 53/(-11*(-5)/7535) a prime number?
False
Let s = 10 + -6. Let k = s + -1. Is k/(-3) - -8*14 a prime number?
False
Let i = 71441 - -31776. Is i a composite number?
False
Suppose -t + 359207 = -16*u + 19*u, u - 3*t - 119749 = 0. Is u composite?
False
Is (-9846)/(-14) - (10 - (-612)/(-63)) a prime number?
False
Let i = 118 - -1243. Is i composite?
False
Let w(c) = 279*c**2 - 28*c - 23. Is w(-4) a prime number?
False
Let s be 24 + (-1 - 0)*-3. Let p be 884/(-9) + 6/s. Let u = 21 - p. Is u a prime number?
False
Let x(k) = -12*k**3 + 2*k**2 - 14*k + 41. Is x(-12) a composite number?
True
Suppose 0 = -4*z + 3*a - 8*a + 31463, 0 = z + 4*a - 7863. Is z a prime number?
True
Let s = -39 - -39. Is 626/(-4)*(-4 - (s + 6)) composite?
True
Suppose 0 = 4*h + 4*m - 4696, 2*m = m + 5. Suppose 986 = 5*j - h. Suppose -3*k - 6 = 3, 2*v + 5*k - j = 0. Is v a composite number?
False
Suppose 17*m = 6*m + 22. Suppose 0 = 5*a - 15, -m*w + 71 = 5*a - 2742. Is w prime?
True
Let n = -43 + 60. Let g = n - 10. Suppose -8*m + g*m = -677. Is m a composite number?
False
Suppose u + 2*o = 2007, 0 = 4*u + 3*o - 5470 - 2583. Is u composite?
False
Let s(w) = -8*w**3 + 6*w**2 - 14*w + 127. Is s(-15) prime?
True
Is (11 - 8157)*1/(-2) a composite number?
False
Let n = -5 - -8. Let u(b) = -b**2 + 3*b + 5. Let o be u(n). Suppose 4*r + 4*i - 12 = 384, 107 = r + o*i. Is r a prime number?
True
Let s(g) = g + 11. Let k be s(-6). Let b = k - 5. Suppose 5*c - c - 220 = b. Is c a prime number?
False
Let l(v) = 8076*v**3 + v**2 - 3*v + 3. Is l(1) a composite number?
True
Let j = 1713 + -352. Is j prime?
True
Let o(r) = -3*r - 68. Let a be o(-4). Is ((-154)/a)/((-1)/(-164)) a prime number?
False
Let c(m) be the third derivative of 37*m**4/6 + m**3/2 - 3*m**2. Suppose 0 + 14 = 4*x - 3*r, 2*r = -4. Is c(x) a prime number?
False
Let p(r) = 27*r**2 - 4*r - 4. Suppose -1 = 3*m + 8. Is p(m) prime?
True
Let n(u) = u**2 - u + 1. Let h(l) = 4*l**2 - 12*l + 2. Let f(s) = -h(s) + 5*n(s). Let y be f(-5). Is y/((-7)/2) + 53 a prime number?
False
Let f(q) be the third derivative of -q**5/60 - 31*q**4/24 + 31*q**3/6 + 7*q**2 - 2. Is f(-14) prime?
True
Let c(s) = -11*s**3 - 19*s**2 - 213*s - 26. Is c(-17) composite?
False
Suppose n = -1, -l - 2*l = -3*n - 1857. Let u = -427 + l. Is u a composite number?
False
Suppose 0 = -2*i - 4*i + 24. Suppose 4 = -i*v, 3*v = 3*f - 2*v - 236. Is f composite?
True
Suppose 1875 + 4629 = 6*i. Suppose 0 = -2*v + r + 1089, v = -v + 2*r + i. Is v composite?
False
Let y(d) = 1698*d**2 - 2*d - 1. Let l be y(-1). Suppose -2*v = w - l, 3*v - 8*v = -4*w + 6757. Is w a composite number?
False
Suppose 74*p + 130690 = 88*p. Is p composite?
True
Let b(c) = 49*c + 2. Let l(v) = -48*v - 2. Let r(i) = 3*b(i) + 2*l(i). Is r(1) prime?
True
Let x(s) = 175*s + 207. Is x(20) a prime number?
False
Let p be 3/(-2)*(-8)/3. Suppose -p*r - 3*r = -4382. Is r a composite number?
True
Let z be (-3)/(-3 + 15/4). Let k be 42/(2 + z)*1. Is k/(-14) + 467/2 a composite number?
True
Let a(i) = -2390*i + 189. Is a(-2) prime?
True
Is 4311/(-27)*(-1 - 2) a prime number?
True
Suppose -9*v + 9237 = -8*v - 3*h, 4*v + 4*h = 36948. Is v a prime number?
False
Suppose -4*b + 16 = c, 2*b = -0*c + 4*c - 10. Let w(u) = -2*u - 4. Let